nder when 3558425 is divided by 3357?
5
Calculate the remainder when 3342799 is divided by 1636.
451
Calculate the remainder when 18100526 is divided by 83.
52
Calculate the remainder when 5160180 is divided by 272.
68
Calculate the remainder when 6565853 is divided by 63.
56
What is the remainder when 2833961 is divided by 166679?
418
What is the remainder when 46757 is divided by 46585?
172
Calculate the remainder when 993171 is divided by 63.
39
Calculate the remainder when 1396420 is divided by 41071.
6
What is the remainder when 12666605 is divided by 62397?
14
Calculate the remainder when 4381766 is divided by 173.
22
Calculate the remainder when 34187865 is divided by 25.
15
What is the remainder when 2810184 is divided by 97?
94
What is the remainder when 490657 is divided by 122649?
61
What is the remainder when 3614535 is divided by 207?
108
Calculate the remainder when 4747 is divided by 5.
2
Calculate the remainder when 8432799 is divided by 1061.
1032
What is the remainder when 8454784 is divided by 73?
70
Calculate the remainder when 8047948 is divided by 423574.
42
Calculate the remainder when 1587486 is divided by 1586367.
1119
What is the remainder when 126171 is divided by 2804?
2795
Calculate the remainder when 7112114 is divided by 19.
15
Calculate the remainder when 568493 is divided by 166.
109
Calculate the remainder when 40090 is divided by 13068.
886
Calculate the remainder when 75850 is divided by 1956.
1522
What is the remainder when 593328 is divided by 11407?
164
What is the remainder when 1230668 is divided by 1023?
1022
Calculate the remainder when 5077 is divided by 353.
135
Calculate the remainder when 1004691 is divided by 334894.
9
Calculate the remainder when 141892 is divided by 71.
34
Calculate the remainder when 2387876 is divided by 36.
32
Calculate the remainder when 3802563 is divided by 1901278.
7
What is the remainder when 42479 is divided by 6537?
3257
What is the remainder when 21980 is divided by 7326?
2
Calculate the remainder when 2028629 is divided by 2992.
53
What is the remainder when 746563 is divided by 1499?
61
What is the remainder when 930404 is divided by 438?
92
What is the remainder when 26178835 is divided by 38?
27
What is the remainder when 114846 is divided by 57416?
14
What is the remainder when 1267474 is divided by 112?
82
Calculate the remainder when 4105810 is divided by 654.
652
Calculate the remainder when 41426392 is divided by 9345.
7
What is the remainder when 3947661 is divided by 1315887?
0
What is the remainder when 1755353 is divided by 76319?
16
Calculate the remainder when 9106573 is divided by 918.
13
Calculate the remainder when 74709071 is divided by 72113.
3
What is the remainder when 24177038 is divided by 69?
59
What is the remainder when 24231 is divided by 11859?
513
Calculate the remainder when 724457 is divided by 60241.
1565
Calculate the remainder when 233930546 is divided by 9.
8
What is the remainder when 1016202 is divided by 14944?
10
Calculate the remainder when 1744471 is divided by 71.
1
Calculate the remainder when 63626 is divided by 3976.
10
What is the remainder when 3809958 is divided by 10?
8
What is the remainder when 5622702 is divided by 1426?
1410
Calculate the remainder when 18834854 is divided by 8334.
14
Calculate the remainder when 227543 is divided by 180.
23
Calculate the remainder when 18607 is divided by 8354.
1899
Calculate the remainder when 729628 is divided by 370.
358
Calculate the remainder when 290263 is divided by 5940.
5143
What is the remainder when 237270 is divided by 47118?
1680
Calculate the remainder when 5133594 is divided by 1468.
1466
Calculate the remainder when 55364594 is divided by 105.
89
Calculate the remainder when 1713670 is divided by 18828.
322
Calculate the remainder when 491735637 is divided by 1320.
1317
Calculate the remainder when 486752 is divided by 427.
399
What is the remainder when 4968503 is divided by 174?
107
What is the remainder when 131543 is divided by 615?
548
Calculate the remainder when 74607 is divided by 1655.
132
What is the remainder when 115312 is divided by 9609?
4
What is the remainder when 1619246 is divided by 269742?
794
Calculate the remainder when 5069834 is divided by 7181.
48
What is the remainder when 2172906 is divided by 179?
25
Calculate the remainder when 532860118 is divided by 390.
388
What is the remainder when 24472 is divided by 7861?
889
What is the remainder when 25328 is divided by 2099?
140
Calculate the remainder when 649656 is divided by 10017.
8568
Calculate the remainder when 1281818 is divided by 1281499.
319
Calculate the remainder when 73333 is divided by 36494.
345
Calculate the remainder when 196208311 is divided by 65402767.
10
Calculate the remainder when 23681 is divided by 1463.
273
Calculate the remainder when 11138197 is divided by 16428.
13
Calculate the remainder when 197109 is divided by 417.
285
Calculate the remainder when 465273 is divided by 1803.
99
What is the remainder when 361641 is divided by 180793?
55
Calculate the remainder when 298299 is divided by 26891.
2498
Calculate the remainder when 14800871 is divided by 10.
1
What is the remainder when 8356293 is divided by 263?
257
Calculate the remainder when 964144 is divided by 241032.
16
What is the remainder when 27362798 is divided by 13681353?
92
Calculate the remainder when 254634 is divided by 398.
312
Calculate the remainder when 646166233 is divided by 11.
9
What is the remainder when 8229 is divided by 2675?
204
Calculate the remainder when 73357308 is divided by 211.
204
What is the remainder when 4776249 is divided by 256?
57
What is the remainder when 1927009 is divided by 48164?
449
What is the remainder when 4752349 is divided by 1187991?
385
Calculate the remainder when 18977754 is divided by 7702.
26
What is the remainder when 909576 is divided by 1952?
1896
What is the remainder when 121220 is divided by 6762?
6266
Calculate the remainder when 5866366 is divided by 8627.
6
What is the remainder when 38417 is divided by 889?
190
What is the remainder when 14924 is divided by 993?
29
Calculate the remainder when 411891 is divided by 1528.
859
What is the remainder when 78232 is divided by 7405?
4182
Calculate the remainder when 2393607 is divided by 3325.
2932
Calculate the remainder when 3407962 is divided by 7490.
12
What is the remainder when 12817493 is divided by 2333?
2324
Calculate the remainder when 1056225 is divided by 16765.
30
Calculate the remainder when 36892 is divided by 11449.
2545
What is the remainder when 15158 is divided by 939?
134
Calculate the remainder when 605474 is divided by 1066.
1052
What is the remainder when 82901 is divided by 81467?
1434
What is the remainder when 37874911 is divided by 12624956?
43
What is the remainder when 2986265 is divided by 26427?
14
Calculate the remainder when 40731401 is divided by 39354.
11
What is the remainder when 21465 is divided by 363?
48
What is the remainder when 20202468 is divided by 368?
4
What is the remainder when 9344 is divided by 685?
439
Calculate the remainder when 2855335 is divided by 2855135.
200
Calculate the remainder when 37448070 is divided by 15649.
13
Calculate the remainder when 8009283 is divided by 2492.
2487
Calculate the remainder when 460881 is divided by 105.
36
What is the remainder when 310222 is divided by 1117?
813
Calculate the remainder when 37341559 is divided by 410.
399
What is the remainder when 739163 is divided by 2822?
2621
Calculate the remainder when 312432 is divided by 85.
57
Calculate the remainder when 28976754 is divided by 254182.
6
Calculate the remainder when 145905 is divided by 3389.
178
Calculate the remainder when 188524 is divided by 84.
28
Calculate the remainder when 1107910 is divided by 276927.
202
Calculate the remainder when 18636 is divided by 1341.
1203
Calculate the remainder when 159527 is divided by 1246.
39
Calculate the remainder when 1167694 is divided by 97.
8
Calculate the remainder when 738481 is divided by 8488.
25
Calculate the remainder when 40165525 is divided by 5627.
5626
What is the remainder when 5554911 is divided by 22?
21
What is the remainder when 9659343 is divided by 371?
358
Calculate the remainder when 45